{"id":15862,"date":"2020-11-19T17:27:05","date_gmt":"2020-11-19T17:27:05","guid":{"rendered":"https:\/\/www.theanchorage.es\/?page_id=15862"},"modified":"2026-03-19T17:34:12","modified_gmt":"2026-03-19T17:34:12","slug":"der-vorstand","status":"publish","type":"page","link":"https:\/\/www.theanchorage.es\/de\/eigentuemer-bereich\/the-anchorage-services\/der-vorstand\/","title":{"rendered":"DER VORSTAND"},"content":{"rendered":"<div class=\"wpb-content-wrapper\"><p>[vc_row el_id=&#8220;contents&#8220;][vc_column width=&#8220;1\/12&#8243;][\/vc_column][vc_column width=&#8220;5\/6&#8243;][vc_row_inner][vc_column_inner]<div class=\"clearboth\"><\/div><style>#thegem-divider-69f48f2f4dae7 {margin-top: 130px !important;}<\/style><div id=\"thegem-divider-69f48f2f4dae7\" class=\"gem-divider  \" style=\"\" ><\/div>[vc_column_text]<\/p>\n<h3>DER<span class=\"light\"> VORSTAND<br \/>\n<\/span><\/h3>\n<p>[\/vc_column_text]<div class=\"clearboth\"><\/div><style>#thegem-divider-69f48f2f4db4e {margin-top: 30px !important;}<\/style><div id=\"thegem-divider-69f48f2f4db4e\" class=\"gem-divider  \" style=\"\" ><\/div>[vc_column_text]Der Vorstand besteht aus Eigent\u00fcmern, welche freiwillig einen Teil ihrer Freizeit zur Verf\u00fcgung stellen, um eine Vision zu schaffen, die Leitung zu \u00fcberwachen und den Haushalt f\u00fcr den Anchorage abzustimmen. Er besteht aus einer repr\u00e4sentativen Mischung der Gemeinschaft, um sicherzustellen, dass die Interessen aller Eigent\u00fcmer vertreten werden.[\/vc_column_text][\/vc_column_inner][\/vc_row_inner][\/vc_column][vc_column width=&#8220;1\/12&#8243;][\/vc_column][\/vc_row][vc_row full_width=&#8220;stretch_row&#8220;][vc_column width=&#8220;1\/12&#8243;][\/vc_column][vc_column width=&#8220;5\/6&#8243;][vc_row_inner][vc_column_inner width=&#8220;1\/2&#8243;][vc_column_text css=&#8220;&#8220;]<strong>Stewart Broome<\/strong> (UK)<br \/>\n<em>Pr\u00e4sident der Gemeinschaft,<\/em><br \/>\n<em>Vizepr\u00e4sident des Club<\/em><br \/>\n+447 887 821 776<\/p>\n<p><strong>Gerhard Eisenacher<\/strong> (GER)<br \/>\n<em>Pr\u00e4sidentin des Clubs,<\/em><br \/>\n<em>Vizepr\u00e4sidentin der Gemeinschaft &#8211; Finanzen<\/em><br \/>\n+491 609 726 5551<em><br \/>\n<\/em><\/p>\n<p><strong>Roderick Wordie<\/strong> (UK)<br \/>\n<em>G\u00e4rten<\/em><\/p>\n<p><strong>Robin Black<\/strong> (UK)<br \/>\n<em>Information und Kommunikation<\/em><\/p>\n<p><strong>Michael End<\/strong> (GER)<br \/>\n<em>Personalwesen<\/em>[\/vc_column_text][\/vc_column_inner][vc_column_inner width=&#8220;1\/2&#8243;][vc_column_text css=&#8220;&#8220;]<strong>Mandy Salter<\/strong> (UK)<br \/>\n<em>Allgemeine Unterst\u00fctzung und Beratung<\/em><\/p>\n<p><strong>Daniel Simpson<\/strong> (UK)<br \/>\n<em>Allgemeine Unterst\u00fctzung und Beratung<\/em><\/p>\n<p><strong>Michael Rosenblatt<\/strong> (UK)<br \/>\n<em>Allgemeine Unterst\u00fctzung und Beratung<\/em><\/p>\n<div class=\"wpb_wrapper\">\n<p><strong>Annika\u00a0<\/strong><strong>Tisell<\/strong> (SWE)<br \/>\n<em>Restaurant<\/em><\/p>\n<p><strong>Nicole Breuer<\/strong> (GER)<br \/>\n<em>Aesthetics<\/em><\/p>\n<p><strong>Agneta Falkenberg<\/strong> (SWE)<br \/>\n<em>Aktivit\u00e4ten und Wellness<\/em><\/p>\n<p><strong>Karen Kassulat<\/strong> (GER)<br \/>\n<em>Events<\/em><\/p>\n<\/div>\n<p>[\/vc_column_text][\/vc_column_inner][\/vc_row_inner][vc_row_inner][vc_column_inner][vc_column_text]Sollten Sie Fragen, W\u00fcnsche oder andere Angelegenheiten zur kl\u00e4ren haben, wenden Sie sich bitte an das B\u00fcro, der Ihnen gerne weiterhelfen wird. Gegebenenfalls wird er sich mit den jeweiligen Vorstandsmitgliedern in Verbindung setzen:<\/p>\n<p><strong>committee@theanchorage.es<\/strong>[\/vc_column_text][\/vc_column_inner][\/vc_row_inner][\/vc_column][vc_column width=&#8220;1\/12&#8243;][\/vc_column][\/vc_row][vc_row el_class=&#8220;wellness&#8220;][vc_column]<div class=\"clearboth\"><\/div><style>#thegem-divider-69f48f2f4db82 {margin-top: 100px !important;}<\/style><div id=\"thegem-divider-69f48f2f4db82\" class=\"gem-divider  \" style=\"\" ><\/div>[\/vc_column][\/vc_row][vc_row][vc_column][vc_column_text]<button translate=\"no\" class=\"btg-button btg-button-5 btg-bottomLeft\" data-btnid=\"5\" data-url=\"https:\/\/www.theanchorage.es\/wp-content\/uploads\/2025\/07\/DReglamento-regimen-interior-Comunidad-aprobado-25abr2025.pdf\" data-action=\"link\" data-target=\"_self\">HAUSORDNUNG<span class=\"fas fa-exclamation-circle btg-icon \"><\/span><\/button>[\/vc_column_text][\/vc_column][\/vc_row]<\/p>\n<div style=\"margin: 20px 0;\"><div class=\"qrcswholewtapper\" style=\"text-align:left;\"><div class=\"qrcprowrapper\"  id=\"qrcwraa2leds\"><div class=\"qrc_canvass\" id=\"qrc_cuttenpages_2\" style=\"display:none\" data-text=\"https:\/\/www.theanchorage.es\/de\/eigentuemer-bereich\/the-anchorage-services\/der-vorstand\/\"><\/div><\/div><\/div><\/div><\/div>","protected":false},"excerpt":{"rendered":"<p>[vc_row el_id=&#8220;contents&#8220;][vc_column width=&#8220;1\/12&#8243;][\/vc_column][vc_column width=&#8220;5\/6&#8243;][vc_row_inner][vc_column_inner][vc_column_text] DER VORSTAND [\/vc_column_text][vc_column_text]Der Vorstand besteht aus Eigent\u00fcmern, welche freiwillig einen Teil ihrer Freizeit zur Verf\u00fcgung stellen,&#8230;<\/p>\n","protected":false},"author":1,"featured_media":17348,"parent":13826,"menu_order":8,"comment_status":"closed","ping_status":"closed","template":"","meta":{"_joinchat":[],"footnotes":"","_links_to":"","_links_to_target":""},"class_list":["post-15862","page","type-page","status-publish","has-post-thumbnail"],"_links":{"self":[{"href":"https:\/\/www.theanchorage.es\/de\/wp-json\/wp\/v2\/pages\/15862","targetHints":{"allow":["GET"]}}],"collection":[{"href":"https:\/\/www.theanchorage.es\/de\/wp-json\/wp\/v2\/pages"}],"about":[{"href":"https:\/\/www.theanchorage.es\/de\/wp-json\/wp\/v2\/types\/page"}],"author":[{"embeddable":true,"href":"https:\/\/www.theanchorage.es\/de\/wp-json\/wp\/v2\/users\/1"}],"replies":[{"embeddable":true,"href":"https:\/\/www.theanchorage.es\/de\/wp-json\/wp\/v2\/comments?post=15862"}],"version-history":[{"count":9,"href":"https:\/\/www.theanchorage.es\/de\/wp-json\/wp\/v2\/pages\/15862\/revisions"}],"predecessor-version":[{"id":46924,"href":"https:\/\/www.theanchorage.es\/de\/wp-json\/wp\/v2\/pages\/15862\/revisions\/46924"}],"up":[{"embeddable":true,"href":"https:\/\/www.theanchorage.es\/de\/wp-json\/wp\/v2\/pages\/13826"}],"wp:featuredmedia":[{"embeddable":true,"href":"https:\/\/www.theanchorage.es\/de\/wp-json\/wp\/v2\/media\/17348"}],"wp:attachment":[{"href":"https:\/\/www.theanchorage.es\/de\/wp-json\/wp\/v2\/media?parent=15862"}],"curies":[{"name":"wp","href":"https:\/\/api.w.org\/{rel}","templated":true}]}}

<div class="wpb-content-wrapper"><p>[vc_row el_id=&#8220;contents&#8220;][vc_column width=&#8220;1/12&#8243;][/vc_column][vc_column width=&#8220;5/6&#8243;][vc_row_inner][vc_column_inner]<div class="clearboth"></div><style>#thegem-divider-69f48f2f4dae7 {margin-top: 130px !important;}</style><div id="thegem-divider-69f48f2f4dae7" class="gem-divider  " style="" ></div>[vc_column_text]</p>
<h3>DER<span class="light"> VORSTAND<br />
</span></h3>
<p>[/vc_column_text]<div class="clearboth"></div><style>#thegem-divider-69f48f2f4db4e {margin-top: 30px !important;}</style><div id="thegem-divider-69f48f2f4db4e" class="gem-divider  " style="" ></div>[vc_column_text]Der Vorstand besteht aus Eigentümern, welche freiwillig einen Teil ihrer Freizeit zur Verfügung stellen, um eine Vision zu schaffen, die Leitung zu überwachen und den Haushalt für den Anchorage abzustimmen. Er besteht aus einer repräsentativen Mischung der Gemeinschaft, um sicherzustellen, dass die Interessen aller Eigentümer vertreten werden.[/vc_column_text][/vc_column_inner][/vc_row_inner][/vc_column][vc_column width=&#8220;1/12&#8243;][/vc_column][/vc_row][vc_row full_width=&#8220;stretch_row&#8220;][vc_column width=&#8220;1/12&#8243;][/vc_column][vc_column width=&#8220;5/6&#8243;][vc_row_inner][vc_column_inner width=&#8220;1/2&#8243;][vc_column_text css=&#8220;&#8220;]<strong>Stewart Broome</strong> (UK)<br />
<em>Präsident der Gemeinschaft,</em><br />
<em>Vizepräsident des Club</em><br />
+447 887 821 776</p>
<p><strong>Gerhard Eisenacher</strong> (GER)<br />
<em>Präsidentin des Clubs,</em><br />
<em>Vizepräsidentin der Gemeinschaft &#8211; Finanzen</em><br />
+491 609 726 5551<em><br />
</em></p>
<p><strong>Roderick Wordie</strong> (UK)<br />
<em>Gärten</em></p>
<p><strong>Robin Black</strong> (UK)<br />
<em>Information und Kommunikation</em></p>
<p><strong>Michael End</strong> (GER)<br />
<em>Personalwesen</em>[/vc_column_text][/vc_column_inner][vc_column_inner width=&#8220;1/2&#8243;][vc_column_text css=&#8220;&#8220;]<strong>Mandy Salter</strong> (UK)<br />
<em>Allgemeine Unterstützung und Beratung</em></p>
<p><strong>Daniel Simpson</strong> (UK)<br />
<em>Allgemeine Unterstützung und Beratung</em></p>
<p><strong>Michael Rosenblatt</strong> (UK)<br />
<em>Allgemeine Unterstützung und Beratung</em></p>
<div class="wpb_wrapper">
<p><strong>Annika </strong><strong>Tisell</strong> (SWE)<br />
<em>Restaurant</em></p>
<p><strong>Nicole Breuer</strong> (GER)<br />
<em>Aesthetics</em></p>
<p><strong>Agneta Falkenberg</strong> (SWE)<br />
<em>Aktivitäten und Wellness</em></p>
<p><strong>Karen Kassulat</strong> (GER)<br />
<em>Events</em></p>
</div>
<p>[/vc_column_text][/vc_column_inner][/vc_row_inner][vc_row_inner][vc_column_inner][vc_column_text]Sollten Sie Fragen, Wünsche oder andere Angelegenheiten zur klären haben, wenden Sie sich bitte an das Büro, der Ihnen gerne weiterhelfen wird. Gegebenenfalls wird er sich mit den jeweiligen Vorstandsmitgliedern in Verbindung setzen:</p>
<p><strong>committee@theanchorage.es</strong>[/vc_column_text][/vc_column_inner][/vc_row_inner][/vc_column][vc_column width=&#8220;1/12&#8243;][/vc_column][/vc_row][vc_row el_class=&#8220;wellness&#8220;][vc_column]<div class="clearboth"></div><style>#thegem-divider-69f48f2f4db82 {margin-top: 100px !important;}</style><div id="thegem-divider-69f48f2f4db82" class="gem-divider  " style="" ></div>[/vc_column][/vc_row][vc_row][vc_column][vc_column_text]<button translate="no" class="btg-button btg-button-5 btg-bottomLeft" data-btnid="5" data-url="https://www.theanchorage.es/wp-content/uploads/2025/07/DReglamento-regimen-interior-Comunidad-aprobado-25abr2025.pdf" data-action="link" data-target="_self">HAUSORDNUNG<span class="fas fa-exclamation-circle btg-icon "></span></button>[/vc_column_text][/vc_column][/vc_row]</p>
<div style="margin: 20px 0;"><div class="qrcswholewtapper" style="text-align:left;"><div class="qrcprowrapper"  id="qrcwraa2leds"><div class="qrc_canvass" id="qrc_cuttenpages_2" style="display:none" data-text="https://www.theanchorage.es/de/eigentuemer-bereich/the-anchorage-services/der-vorstand/"></div></div></div></div></div>

<p>[vc_row el_id=&#8220;contents&#8220;][vc_column width=&#8220;1/12&#8243;][/vc_column][vc_column width=&#8220;5/6&#8243;][vc_row_inner][vc_column_inner][vc_column_text] DER VORSTAND [/vc_column_text][vc_column_text]Der Vorstand besteht aus Eigentümern, welche freiwillig einen Teil ihrer Freizeit zur Verfügung stellen,&#8230;</p>
